housands digit of 7083420?
0
What is the hundred thousands digit of 2336361?
3
What is the units digit of 2890749?
9
What is the hundred thousands digit of 10170018?
1
What is the units digit of 139690?
0
What is the hundred thousands digit of 12581500?
5
What is the thousands digit of 8019615?
9
What is the units digit of 10219067?
7
What is the millions digit of 1108195?
1
What is the tens digit of 8830539?
3
What is the units digit of 2799885?
5
What is the thousands digit of 283064?
3
What is the ten thousands digit of 9220795?
2
What is the millions digit of 2543424?
2
What is the units digit of 3012419?
9
What is the hundred thousands digit of 538465?
5
What is the tens digit of 20460062?
6
What is the ten millions digit of 19798076?
1
What is the thousands digit of 201884?
1
What is the millions digit of 5779470?
5
What is the thousands digit of 934394?
4
What is the units digit of 4036767?
7
What is the ten thousands digit of 9445564?
4
What is the ten thousands digit of 1282586?
8
What is the units digit of 11995715?
5
What is the hundred thousands digit of 359989?
3
What is the hundreds digit of 1335042?
0
What is the tens digit of 1378579?
7
What is the thousands digit of 729570?
9
What is the units digit of 16251896?
6
What is the units digit of 1026554?
4
What is the millions digit of 10139165?
0
What is the units digit of 1104986?
6
What is the millions digit of 3338713?
3
What is the ten thousands digit of 34628?
3
What is the hundred thousands digit of 2448869?
4
What is the hundreds digit of 22282?
2
What is the hundred thousands digit of 869030?
8
What is the units digit of 12386252?
2
What is the tens digit of 3075103?
0
What is the thousands digit of 745850?
5
What is the hundreds digit of 1896742?
7
What is the ten thousands digit of 2890685?
9
What is the hundred thousands digit of 11902434?
9
What is the tens digit of 3962918?
1
What is the hundreds digit of 482275?
2
What is the millions digit of 5634170?
5
What is the millions digit of 1481465?
1
What is the ten thousands digit of 1315086?
1
What is the tens digit of 4658719?
1
What is the units digit of 4602055?
5
What is the hundreds digit of 3681046?
0
What is the hundreds digit of 20283813?
8
What is the hundreds digit of 87959?
9
What is the units digit of 99104?
4
What is the units digit of 416559?
9
What is the thousands digit of 189389?
9
What is the tens digit of 7275163?
6
What is the units digit of 14577895?
5
What is the ten thousands digit of 30141114?
4
What is the tens digit of 539805?
0
What is the hundreds digit of 312259?
2
What is the hundreds digit of 2176358?
3
What is the tens digit of 2806671?
7
What is the tens digit of 450598?
9
What is the units digit of 727864?
4
What is the ten thousands digit of 82278?
8
What is the hundred thousands digit of 2906668?
9
What is the units digit of 771648?
8
What is the hundreds digit of 512390?
3
What is the tens digit of 87566?
6
What is the thousands digit of 10822428?
2
What is the tens digit of 460231?
3
What is the millions digit of 17987602?
7
What is the ten thousands digit of 1030273?
3
What is the hundreds digit of 97263?
2
What is the tens digit of 136867?
6
What is the thousands digit of 1692926?
2
What is the hundreds digit of 166546?
5
What is the thousands digit of 2524363?
4
What is the units digit of 537915?
5
What is the ten thousands digit of 1904200?
0
What is the millions digit of 9197212?
9
What is the tens digit of 524873?
7
What is the ten thousands digit of 3460004?
6
What is the ten thousands digit of 475624?
7
What is the hundred thousands digit of 3955492?
9
What is the hundreds digit of 1160709?
7
What is the hundreds digit of 110372?
3
What is the hundred thousands digit of 294837?
2
What is the ten thousands digit of 678282?
7
What is the millions digit of 13572353?
3
What is the tens digit of 134347?
4
What is the tens digit of 507734?
3
What is the thousands digit of 1874183?
4
What is the millions digit of 1006936?
1
What is the tens digit of 33194329?
2
What is the tens digit of 10938425?
2
What is the ten thousands digit of 4179232?
7
What is the hundreds digit of 933844?
8
What is the ten thousands digit of 269570?
6
What is the ten thousands digit of 434401?
3
What is the hundreds digit of 20268048?
0
What is the millions digit of 1059233?
1
What is the hundreds digit of 12746987?
9
What is the ten thousands digit of 1461088?
6
What is the ten thousands digit of 116682?
1
What is the tens digit of 8898950?
5
What is the hundred thousands digit of 6918844?
9
What is the tens digit of 18071198?
9
What is the ten thousands digit of 356587?
5
What is the hundred thousands digit of 3221955?
2
What is the units digit of 10619003?
3
What is the hundred thousands digit of 4130853?
1
What is the units digit of 3748990?
0
What is the units digit of 16530168?
8
What is the hundred thousands digit of 597138?
5
What is the hundreds digit of 662884?
8
What is the thousands digit of 5481670?
1
What is the tens digit of 289303?
0
What is the ten thousands digit of 4462092?
6
What is the millions digit of 11471414?
1
What is the thousands digit of 178470?
8
What is the units digit of 3811110?
0
What is the ten thousands digit of 1188676?
8
What is the thousands digit of 14721?
4
What is the hundred thousands digit of 2226025?
2
What is the tens digit of 1355961?
6
What is the thousands digit of 656055?
6
What is the ten thousands digit of 284586?
8
What is the tens digit of 250067?
6
What is the thousands digit of 7115223?
5
What is the tens digit of 43105?
0
What is the thousands digit of 605668?
5
What is the units digit of 16526112?
2
What is the ten thousands digit of 1486366?
8
What is the units digit of 293413?
3
What is the hundreds digit of 5672874?
8
What is the ten thousands digit of 315249?
1
What is the hundreds digit of 8048?
0
What is the hundred thousands digit of 1509417?
5
What is the thousands digit of 135730?
5
What is the ten thousands digit of 208615?
0
What is the tens digit of 861898?
9
What is the hundreds digit of 52930?
9
What is the millions digit of 7122720?
7
What is the thousands digit of 336481?
6
What is the millions digit of 20415797?
0
What is the units digit of 20403906?
6
What is the tens digit of 514847?
4
What is the units digit of 2549634?
4
What is the tens digit of 2959413?
1
What is the units digit of 24737?
7
What is the tens digit of 2177202?
0
What is the ten thousands digit of 261142?
6
What is the hundred thousands digit of 1520607?
5
What is the hundreds digit of 1819704?
7
What is the tens digit of 740937?
3
What is the ten thousands digit of 51764?
5
What is the millions digit of 2259591?
2
What is the units digit of 4673022?
2
What is the thousands digit of 4939251?
9
What is the tens digit of 201395?
9
What is the hundreds digit of 369702?
7
What is the units digit of 1922552?
2
What is the units digit of 1466176?
6
What is the units digit of 17864119?
9
What is the ten thousands digit of 3895146?
9
What is the thousands digit of 2697581?
7
What is the tens digit of 31578290?
9
What is the hundreds digit of 1783313?
3
What is the thousands digit of 13773034?
3
What is the tens digit of 10439700?
0
What is the ten thousands digit of 5325066?
2
What is the hundred thousands digit of 2779946?
7
What is the thousands digit of 12233210?
3
What is the millions digit of 8966879?
8
What is the ten thousands digit of 139889?
3
What is the units digit of 2382268?
8
What is the thousands digit of 166647?
6
What is the hundred thousands digit of 213638?
2
What is the thousands digit of 981343?
1
What is the tens digit of 53838?
3
What is the hundreds digit of 60765?
7
What is the thousands digit of 2844897?
4
What is the hundreds digit of 449590?
5
What is the hundred thousands digit of 13087874?
0
What is the units digit of 31919561?
1
What is the units digit of 714588?
8
What is the units digit of 251569?
9
What is the thousands digit of 250049?
0
What is the millions digit of 6005624?
6
What is the tens digit of 1082371?
7
What is the thousands digit of 16025127?
5
What is the tens digit of 252077?
7
What is the thousands digit of 643960?
3
What is the units digit of 25661168?
8
What is the hundreds digit of 49537?
5
What is the ten thousand